late the remainder when 368 is divided by 7.
4
What is the remainder when 83 is divided by 12?
11
Calculate the remainder when 1722 is divided by 173.
165
Calculate the remainder when 77 is divided by 23.
8
Calculate the remainder when 125 is divided by 7.
6
Calculate the remainder when 113 is divided by 38.
37
What is the remainder when 478 is divided by 40?
38
Calculate the remainder when 1562 is divided by 50.
12
Calculate the remainder when 3569 is divided by 188.
185
Calculate the remainder when 241 is divided by 124.
117
Calculate the remainder when 115 is divided by 30.
25
Calculate the remainder when 578 is divided by 65.
58
Calculate the remainder when 2088 is divided by 123.
120
Calculate the remainder when 192 is divided by 65.
62
Calculate the remainder when 489 is divided by 71.
63
What is the remainder when 37 is divided by 17?
3
What is the remainder when 315 is divided by 150?
15
Calculate the remainder when 1185 is divided by 99.
96
Calculate the remainder when 386 is divided by 49.
43
Calculate the remainder when 1476 is divided by 148.
144
Calculate the remainder when 1500 is divided by 124.
12
Calculate the remainder when 2725 is divided by 177.
70
What is the remainder when 42 is divided by 16?
10
What is the remainder when 80 is divided by 22?
14
What is the remainder when 42 is divided by 15?
12
Calculate the remainder when 3338 is divided by 13.
10
Calculate the remainder when 410 is divided by 131.
17
Calculate the remainder when 7317 is divided by 40.
37
What is the remainder when 839 is divided by 56?
55
Calculate the remainder when 13 is divided by 6.
1
What is the remainder when 247 is divided by 33?
16
Calculate the remainder when 15 is divided by 3.
0
Calculate the remainder when 104 is divided by 10.
4
Calculate the remainder when 16442 is divided by 65.
62
Calculate the remainder when 664 is divided by 74.
72
What is the remainder when 349 is divided by 20?
9
Calculate the remainder when 933 is divided by 24.
21
Calculate the remainder when 312 is divided by 98.
18
Calculate the remainder when 2758 is divided by 1377.
4
What is the remainder when 277 is divided by 84?
25
What is the remainder when 59 is divided by 12?
11
What is the remainder when 729 is divided by 348?
33
What is the remainder when 309 is divided by 26?
23
What is the remainder when 377 is divided by 125?
2
What is the remainder when 892 is divided by 162?
82
Calculate the remainder when 10622 is divided by 253.
249
What is the remainder when 538 is divided by 25?
13
What is the remainder when 386 is divided by 15?
11
Calculate the remainder when 1241 is divided by 260.
201
Calculate the remainder when 124 is divided by 59.
6
What is the remainder when 1328 is divided by 310?
88
What is the remainder when 3417 is divided by 114?
111
What is the remainder when 324 is divided by 122?
80
Calculate the remainder when 493 is divided by 31.
28
What is the remainder when 633 is divided by 71?
65
Calculate the remainder when 26 is divided by 6.
2
What is the remainder when 292 is divided by 76?
64
What is the remainder when 51 is divided by 29?
22
Calculate the remainder when 226 is divided by 60.
46
What is the remainder when 3471 is divided by 23?
21
What is the remainder when 18 is divided by 11?
7
Calculate the remainder when 1430 is divided by 473.
11
What is the remainder when 635 is divided by 132?
107
What is the remainder when 2782 is divided by 82?
76
What is the remainder when 394 is divided by 289?
105
Calculate the remainder when 196 is divided by 97.
2
What is the remainder when 12922 is divided by 4307?
1
Calculate the remainder when 809 is divided by 54.
53
What is the remainder when 650 is divided by 160?
10
Calculate the remainder when 2571 is divided by 426.
15
Calculate the remainder when 2841 is divided by 568.
1
Calculate the remainder when 532 is divided by 67.
63
Calculate the remainder when 1420 is divided by 130.
120
What is the remainder when 884 is divided by 48?
20
Calculate the remainder when 442 is divided by 64.
58
What is the remainder when 4585 is divided by 31?
28
Calculate the remainder when 109 is divided by 8.
5
Calculate the remainder when 843 is divided by 47.
44
What is the remainder when 718 is divided by 10?
8
Calculate the remainder when 5291 is divided by 2644.
3
What is the remainder when 175 is divided by 73?
29
Calculate the remainder when 34 is divided by 9.
7
Calculate the remainder when 24534 is divided by 8.
6
Calculate the remainder when 65 is divided by 22.
21
What is the remainder when 347 is divided by 10?
7
Calculate the remainder when 96 is divided by 11.
8
Calculate the remainder when 1833 is divided by 56.
41
Calculate the remainder when 204 is divided by 92.
20
Calculate the remainder when 2053 is divided by 260.
233
Calculate the remainder when 427 is divided by 212.
3
What is the remainder when 1672 is divided by 79?
13
Calculate the remainder when 527 is divided by 33.
32
Calculate the remainder when 1903 is divided by 9.
4
Calculate the remainder when 741 is divided by 179.
25
What is the remainder when 5097 is divided by 1699?
0
Calculate the remainder when 170 is divided by 92.
78
What is the remainder when 4527 is divided by 23?
19
Calculate the remainder when 70 is divided by 38.
32
What is the remainder when 1965 is divided by 7?
5
Calculate the remainder when 28 is divided by 8.
4
Calculate the remainder when 336 is divided by 61.
31
What is the remainder when 311 is divided by 178?
133
Calculate the remainder when 771 is divided by 196.
183
What is the remainder when 282 is divided by 57?
54
What is the remainder when 1562 is divided by 29?
25
Calculate the remainder when 365 is divided by 8.
5
What is the remainder when 465 is divided by 438?
27
What is the remainder when 526 is divided by 176?
174
Calculate the remainder when 182 is divided by 169.
13
What is the remainder when 115 is divided by 3?
1
What is the remainder when 50 is divided by 12?
2
Calculate the remainder when 3651 is divided by 58.
55
What is the remainder when 523 is divided by 173?
4
What is the remainder when 570 is divided by 355?
215
Calculate the remainder when 182 is divided by 99.
83
Calculate the remainder when 7742 is divided by 44.
42
What is the remainder when 3166 is divided by 176?
174
Calculate the remainder when 153 is divided by 39.
36
What is the remainder when 702 is divided by 88?
86
What is the remainder when 16072 is divided by 5354?
10
What is the remainder when 44509 is divided by 16?
13
Calculate the remainder when 75 is divided by 17.
7
What is the remainder when 135 is divided by 49?
37
Calculate the remainder when 946 is divided by 234.
10
Calculate the remainder when 1455 is divided by 485.
0
Calculate the remainder when 78 is divided by 20.
18
Calculate the remainder when 63 is divided by 13.
11
Calculate the remainder when 277 is divided by 93.
91
What is the remainder when 407 is divided by 3?
2
What is the remainder when 1677 is divided by 281?
272
Calculate the remainder when 476 is divided by 464.
12
What is the remainder when 49 is divided by 22?
5
Calculate the remainder when 6380 is divided by 910.
10
What is the remainder when 317 is divided by 40?
37
What is the remainder when 144 is divided by 2?
0
Calculate the remainder when 192 is divided by 39.
36
What is the remainder when 26637 is divided by 20?
17
Calculate the remainder when 1418 is divided by 20.
18
Calculate the remainder when 802 is divided by 86.
28
What is the remainder when 340 is divided by 11?
10
What is the remainder when 542 is divided by 16?
14
Calculate the remainder when 5509 is divided by 14.
7
Calculate the remainder when 483 is divided by 171.
141
Calculate the remainder when 61 is divided by 57.
4
What is the remainder when 236 is divided by 111?
14
Calculate the remainder when 394 is divided by 25.
19
What is the remainder when 80 is divided by 21?
17
Calculate the remainder when 643 is divided by 211.
10
What is the remainder when 3948 is divided by 52?
48
Calculate the remainder when 236 is divided by 223.
13
Calculate the remainder when 12670 is divided by 192.
190
Calculate the remainder when 142 is divided by 36.
34
Calculate the remainder when 1293 is divided by 7.
5
What is the rema